 is the tens digit of 6382?
8
What is the tens digit of 101556?
5
What is the hundreds digit of 10822?
8
What is the units digit of 697?
7
What is the hundreds digit of 1886?
8
What is the thousands digit of 9960?
9
What is the units digit of 318?
8
What is the units digit of 5023?
3
What is the tens digit of 42191?
9
What is the units digit of 8068?
8
What is the hundreds digit of 618?
6
What is the thousands digit of 4866?
4
What is the hundreds digit of 6155?
1
What is the tens digit of 60?
6
What is the thousands digit of 1187?
1
What is the thousands digit of 5674?
5
What is the ten thousands digit of 24396?
2
What is the units digit of 619?
9
What is the tens digit of 3687?
8
What is the tens digit of 54?
5
What is the hundreds digit of 554?
5
What is the units digit of 137?
7
What is the tens digit of 9736?
3
What is the thousands digit of 41661?
1
What is the ten thousands digit of 128454?
2
What is the hundreds digit of 188?
1
What is the units digit of 2825?
5
What is the hundreds digit of 22910?
9
What is the tens digit of 778?
7
What is the units digit of 16672?
2
What is the units digit of 12675?
5
What is the tens digit of 106564?
6
What is the hundreds digit of 1563?
5
What is the ten thousands digit of 89230?
8
What is the units digit of 17525?
5
What is the tens digit of 34731?
3
What is the units digit of 2905?
5
What is the units digit of 273?
3
What is the hundreds digit of 1532?
5
What is the units digit of 42585?
5
What is the hundreds digit of 12530?
5
What is the hundreds digit of 433?
4
What is the units digit of 9860?
0
What is the units digit of 67083?
3
What is the ten thousands digit of 26308?
2
What is the tens digit of 10362?
6
What is the hundreds digit of 4901?
9
What is the ten thousands digit of 21133?
2
What is the tens digit of 1835?
3
What is the units digit of 40133?
3
What is the thousands digit of 9519?
9
What is the units digit of 1377?
7
What is the units digit of 8543?
3
What is the hundreds digit of 60475?
4
What is the units digit of 41672?
2
What is the hundreds digit of 2028?
0
What is the hundreds digit of 1132?
1
What is the units digit of 33807?
7
What is the thousands digit of 4080?
4
What is the tens digit of 2577?
7
What is the tens digit of 35200?
0
What is the tens digit of 8776?
7
What is the hundreds digit of 563?
5
What is the tens digit of 2508?
0
What is the units digit of 4147?
7
What is the thousands digit of 2436?
2
What is the ten thousands digit of 14627?
1
What is the ten thousands digit of 16984?
1
What is the thousands digit of 1740?
1
What is the hundreds digit of 101667?
6
What is the hundreds digit of 15817?
8
What is the thousands digit of 5478?
5
What is the hundreds digit of 64530?
5
What is the units digit of 12284?
4
What is the ten thousands digit of 21780?
2
What is the tens digit of 559?
5
What is the hundreds digit of 573?
5
What is the thousands digit of 2483?
2
What is the units digit of 2017?
7
What is the units digit of 9411?
1
What is the tens digit of 509?
0
What is the hundreds digit of 2175?
1
What is the hundreds digit of 2139?
1
What is the hundred thousands digit of 136200?
1
What is the hundreds digit of 2185?
1
What is the units digit of 937?
7
What is the tens digit of 34212?
1
What is the units digit of 1798?
8
What is the hundreds digit of 17872?
8
What is the tens digit of 13?
1
What is the thousands digit of 8699?
8
What is the units digit of 5978?
8
What is the hundreds digit of 44937?
9
What is the tens digit of 95?
9
What is the ten thousands digit of 12477?
1
What is the hundreds digit of 24954?
9
What is the hundreds digit of 22736?
7
What is the units digit of 16963?
3
What is the thousands digit of 2189?
2
What is the units digit of 768?
8
What is the tens digit of 6937?
3
What is the tens digit of 19503?
0
What is the units digit of 5441?
1
What is the tens digit of 8556?
5
What is the tens digit of 26222?
2
What is the hundreds digit of 2434?
4
What is the hundreds digit of 132?
1
What is the hundreds digit of 402?
4
What is the thousands digit of 5058?
5
What is the thousands digit of 6650?
6
What is the units digit of 1929?
9
What is the hundreds digit of 43208?
2
What is the thousands digit of 3781?
3
What is the units digit of 19372?
2
What is the hundreds digit of 121180?
1
What is the tens digit of 4199?
9
What is the hundreds digit of 662?
6
What is the units digit of 2548?
8
What is the thousands digit of 26152?
6
What is the tens digit of 6517?
1
What is the thousands digit of 1219?
1
What is the hundreds digit of 924?
9
What is the thousands digit of 3460?
3
What is the units digit of 9995?
5
What is the units digit of 26933?
3
What is the tens digit of 15386?
8
What is the hundreds digit of 496?
4
What is the units digit of 1103?
3
What is the thousands digit of 186410?
6
What is the ten thousands digit of 21623?
2
What is the ten thousands digit of 53782?
5
What is the units digit of 6470?
0
What is the tens digit of 6805?
0
What is the units digit of 49?
9
What is the thousands digit of 16010?
6
What is the units digit of 3599?
9
What is the tens digit of 6434?
3
What is the tens digit of 8784?
8
What is the thousands digit of 1629?
1
What is the hundreds digit of 3679?
6
What is the units digit of 2807?
7
What is the tens digit of 137?
3
What is the thousands digit of 32171?
2
What is the thousands digit of 5306?
5
What is the ten thousands digit of 117216?
1
What is the hundred thousands digit of 166620?
1
What is the ten thousands digit of 65719?
6
What is the hundreds digit of 47400?
4
What is the units digit of 610?
0
What is the thousands digit of 1719?
1
What is the hundreds digit of 1224?
2
What is the units digit of 7018?
8
What is the hundreds digit of 1054?
0
What is the hundreds digit of 11687?
6
What is the ten thousands digit of 21848?
2
What is the tens digit of 4409?
0
What is the hundreds digit of 21011?
0
What is the hundreds digit of 841?
8
What is the thousands digit of 3412?
3
What is the ten thousands digit of 36606?
3
What is the thousands digit of 7895?
7
What is the units digit of 6508?
8
What is the thousands digit of 4511?
4
What is the units digit of 2368?
8
What is the thousands digit of 4880?
4
What is the tens digit of 2430?
3
What is the thousands digit of 21713?
1
What is the units digit of 9199?
9
What is the hundreds digit of 110080?
0
What is the tens digit of 56?
5
What is the thousands digit of 3954?
3
What is the units digit of 2402?
2
What is the units digit of 9095?
5
What is the hundreds digit of 558?
5
What is the tens digit of 19826?
2
What is the units digit of 68042?
2
What is the units digit of 9829?
9
What is the hundreds digit of 24702?
7
What is the hundred thousands digit of 111513?
1
What is the tens digit of 2960?
6
What is the hundreds digit of 3893?
8
What is the units digit of 58?
8
What is the ten thousands digit of 10331?
1
What is the hundreds digit of 2926?
9
What is the thousands digit of 54204?
4
What is the tens digit of 3825?
2
What is the tens digit of 830?
3
What is the hundreds digit of 2412?
4
What is the hundreds digit of 534?
5
What is the hundreds digit of 20150?
1
What is the thousands digit of 9718?
9
What is the tens digit of 1884?
8
What is the tens digit of 450?
5
What is the hundreds digit of 1080?
0
What is the tens digit of 90255?
5
What is the units digit of 4209?
9
What is the units digit of 4348?
8
What is the tens digit of 1336?
3
What is the units digit of 4534?
4
What is the tens digit of 2364?
6
What is the thousands digit of 5040?
5
What is the units digit of 36646?
6
What is the tens digit of 2369?
6
What is the ten thousands digit of 12321?
1
What is the units digit of 5388?
8
What is the hundreds digit of 719?
7
What is the units digit of 22239?
9
What is the units digit of 1909?
9
What is the units digit of 16643?
3
What is the tens digit of 12643?
4
What is the units digit of 4157?
7
What is the thousands digit of 11116?
1
What is the tens digit of 892?
9
What is the ten thousands digit of 43169?
4
What is the hundreds digit of 278?
2
What is the thousands digit of 39203?
9
What is the units digit of 89092?
2
What is the hundreds digit of 857?
8
What is the hundreds digit of 900?
9
What is the units digit of 3195?
5
What is the t